{"id":4494,"date":"2023-12-07T16:36:25","date_gmt":"2023-12-07T15:36:25","guid":{"rendered":"http:\/\/solidaritatubaye.fr\/?page_id=4494"},"modified":"2023-12-07T17:07:39","modified_gmt":"2023-12-07T16:07:39","slug":"les-migrants-2","status":"publish","type":"page","link":"https:\/\/solidaritatubaye.fr\/?page_id=4494","title":{"rendered":"OUVERTURE PROCHAINE !!"},"content":{"rendered":"<div  class=\"tatsu-hklmovy66rczelfr tatsu-section    tatsu-clearfix\" data-title=\"\"  data-headerscheme=\"background--light\"><div class='tatsu-section-pad clearfix' data-padding='{\"d\":\"0px 0% 0px 0%\"}' data-padding-top='0px'><div class=\"tatsu-row-wrap  tatsu-row-full-width tatsu-row-has-one-half tatsu-row-has-two-cols tatsu-zero-margin tatsu-no-gutter tatsu-eq-cols  tatsu-clearfix tatsu-hklmovy69ycvz10l\" ><div  class=\"tatsu-row \" ><div  class=\"tatsu-column  tatsu-one-half tatsu-column-align-middle tatsu-column-image-none tatsu-column-effect-none  tatsu-hklmovy6d55q9dqx\"  data-parallax-speed=\"0\" style=\"\"><div class=\"tatsu-column-inner \" ><div class=\"tatsu-column-pad-wrap\"><div class=\"tatsu-column-pad\" ><div  class=\"tatsu-single-image tatsu-module tatsu-image-lazyload tatsu-external-image tatsu-JogJYSTKT  \" ><div class=\"tatsu-single-image-inner \" style=\"\" ><div class = \"tatsu-single-image-padding-wrap\" style = \"\" ><\/div><img class = \"tatsu-gradient-border\" data-src = \"https:\/\/solidaritatubaye.fr\/wp-content\/uploads\/2023\/12\/Flyer-Page-2-Epicerie-Solidaire.jpg\" \/><\/div><style>.tatsu-JogJYSTKT .tatsu-single-image-inner{max-width: 100%;}.tatsu-JogJYSTKT.tatsu-single-image{transform: translate3d(0px,0px, 0);}<\/style><\/div><\/div><\/div><div class = \"tatsu-column-bg-image-wrap\"><div class = \"tatsu-column-bg-image\" ><\/div><\/div><\/div><style>.tatsu-row > .tatsu-hklmovy6d55q9dqx.tatsu-column{width: 50%;}.tatsu-hklmovy6d55q9dqx.tatsu-column > .tatsu-column-inner > .tatsu-column-bg-image-wrap > .tatsu-column-bg-image{background-image: url(http:\/\/solidaritatubaye.fr\/wp-content\/uploads\/2023\/12\/Flyer-Page-2-Epicerie-Solidaire.jpg);background-repeat: no-repeat;background-attachment: scroll;background-position: bottom right;background-size: cover;}.tatsu-hklmovy6d55q9dqx.tatsu-column > .tatsu-column-inner > .tatsu-bg-blur{background-repeat: no-repeat;background-attachment: scroll;background-position: bottom right;background-size: cover;}.tatsu-hklmovy6d55q9dqx.tatsu-column > .tatsu-column-inner > .tatsu-column-pad-wrap > .tatsu-column-pad{padding: 64% 64% 64% 64% ;}.tatsu-hklmovy6d55q9dqx.tatsu-column > .tatsu-column-inner > .tatsu-column-overlay{mix-blend-mode: none;}.tatsu-hklmovy6d55q9dqx > .tatsu-column-inner > .tatsu-top-divider{z-index: 9999;}.tatsu-hklmovy6d55q9dqx > .tatsu-column-inner > .tatsu-bottom-divider{z-index: 9999;}.tatsu-hklmovy6d55q9dqx > .tatsu-column-inner > .tatsu-left-divider{z-index: 9999;}.tatsu-hklmovy6d55q9dqx > .tatsu-column-inner > .tatsu-right-divider{z-index: 9999;}@media only screen and (max-width: 767px) {.tatsu-row > .tatsu-hklmovy6d55q9dqx.tatsu-column{width: 100%;}}<\/style><\/div><div  class=\"tatsu-column  tatsu-column-no-bg tatsu-one-half tatsu-column-align-middle tatsu-column-image-none tatsu-column-effect-none  tatsu-hklmovy6f5exl0bf\"  data-parallax-speed=\"0\" style=\"\"><div class=\"tatsu-column-inner \" ><div class=\"tatsu-column-pad-wrap\"><div class=\"tatsu-column-pad\" ><div  class=\"tatsu-module tatsu-text-block-wrap tatsu-hklmovy6hm5s5iv5  \"><div class=\"tatsu-text-inner tatsu-align-center  clearfix\" ><style>.tatsu-hklmovy6hm5s5iv5.tatsu-text-block-wrap .tatsu-text-inner{text-align: left;}<\/style><\/div><\/div><div  class=\"tatsu-module tatsu-divider-wrap  tatsu-hklmovy6i4dbri2n   \"  ><style>.tatsu-hklmovy6i4dbri2n .tatsu-divider{height: 1px;width: 100%;background: rgba(239,239,239,0);}.tatsu-hklmovy6i4dbri2n.tatsu-divider-wrap{text-align: left;}<\/style><hr class=\"tatsu-divider\"\/><\/div><div  class=\"special-subtitle-wrap  tatsu-hklmovy6im5x6wr8  \"  ><div class=\"align-left\"><span class=\"special-subtitle\" >PAGE EN CONSTRUCTION !!<br \/>\n<\/span><\/div><style>.tatsu-hklmovy6im5x6wr8 .special-subtitle{font-size: 27px;color: rgba(74,144,226,1) ;width: 100%;}.tatsu-hklmovy6im5x6wr8.special-subtitle-wrap{margin-bottom: 30px;}<\/style><\/div><div  class=\"tatsu-module tatsu-text-block-wrap tatsu-hklmovy6j08ntxsx  \"><div class=\"tatsu-text-inner tatsu-align-center  clearfix\" ><style>.tatsu-hklmovy6j08ntxsx.tatsu-text-block-wrap .tatsu-text-inner{text-align: left;color: rgba(0,0,0,1) ;text-transform : uppercase;}.tatsu-hklmovy6j08ntxsx .tatsu-text-inner *{color: rgba(0,0,0,1) ;}<\/style>\n<p>N&rsquo;h\u00e9sitez pas \u00e0 revenir visitez cette page pour vous renseignez sur l&rsquo;avanc\u00e9e du projet.<\/p>\n<\/div><\/div><div  class=\"tatsu-module tatsu-divider-wrap  tatsu-hklmovy6me9olzyw   \"  ><style>.tatsu-hklmovy6me9olzyw .tatsu-divider{height: 50px;width: 100%;background: rgba(239,239,239,0);}.tatsu-hklmovy6me9olzyw.tatsu-divider-wrap{text-align: left;}<\/style><hr class=\"tatsu-divider\"\/><\/div><div  class=\"tatsu-single-image tatsu-module tatsu-image-lazyload tatsu-external-image tatsu-YhGPBL3k6  \" ><div class=\"tatsu-single-image-inner \" style=\"\" ><div class = \"tatsu-single-image-padding-wrap\" style = \"\" ><\/div><img class = \"tatsu-gradient-border\" data-src = \"https:\/\/solidaritatubaye.fr\/wp-content\/uploads\/2023\/12\/Flyer-Page-1-Epicerie-Solidaire-e1701965193361.jpg\" \/><\/div><style>.tatsu-YhGPBL3k6 .tatsu-single-image-inner{max-width: 100%;}.tatsu-YhGPBL3k6.tatsu-single-image{transform: translate3d(0px,0px, 0);}<\/style><\/div><\/div><\/div><div class = \"tatsu-column-bg-image-wrap\"><div class = \"tatsu-column-bg-image\" ><\/div><\/div><\/div><style>.tatsu-row > .tatsu-hklmovy6f5exl0bf.tatsu-column{width: 50%;}.tatsu-hklmovy6f5exl0bf.tatsu-column > .tatsu-column-inner > .tatsu-column-pad-wrap > .tatsu-column-pad{padding: 0% 10% 0% 10% ;}.tatsu-hklmovy6f5exl0bf.tatsu-column > .tatsu-column-inner > .tatsu-column-overlay{mix-blend-mode: none;}.tatsu-hklmovy6f5exl0bf > .tatsu-column-inner > .tatsu-top-divider{z-index: 9999;}.tatsu-hklmovy6f5exl0bf > .tatsu-column-inner > .tatsu-bottom-divider{z-index: 9999;}.tatsu-hklmovy6f5exl0bf > .tatsu-column-inner > .tatsu-left-divider{z-index: 9999;}.tatsu-hklmovy6f5exl0bf > .tatsu-column-inner > .tatsu-right-divider{z-index: 9999;}@media only screen and (max-width: 767px) {.tatsu-row > .tatsu-hklmovy6f5exl0bf.tatsu-column{width: 100%;}}<\/style><\/div><\/div><\/div><div class=\"tatsu-row-wrap  tatsu-row-full-width tatsu-row-has-one-half tatsu-row-has-two-cols tatsu-zero-margin tatsu-no-gutter tatsu-eq-cols  tatsu-clearfix tatsu-hklmovy6n09o7rfw\" ><div  class=\"tatsu-row \" ><div  class=\"tatsu-column  tatsu-column-no-bg tatsu-one-half tatsu-column-align-middle tatsu-column-image-none tatsu-column-effect-none  tatsu-hklmovy6pzfrd1yc\"  data-parallax-speed=\"0\" style=\"\"><div class=\"tatsu-column-inner \" ><div class=\"tatsu-column-pad-wrap\"><div class=\"tatsu-column-pad\" ><div  class=\"tatsu-module tatsu-text-block-wrap tatsu-hklmovy6scthsqo  \"><div class=\"tatsu-text-inner tatsu-align-center  clearfix\" ><style>.tatsu-hklmovy6scthsqo.tatsu-text-block-wrap .tatsu-text-inner{text-align: left;}<\/style><\/div><\/div><div  class=\"tatsu-module tatsu-divider-wrap  tatsu-hklmovy6sr4dusk4   \"  ><style>.tatsu-hklmovy6sr4dusk4 .tatsu-divider{height: 1px;width: 100%;background: rgba(239,239,239,0);}.tatsu-hklmovy6sr4dusk4.tatsu-divider-wrap{text-align: left;}<\/style><hr class=\"tatsu-divider\"\/><\/div><div  class=\"special-subtitle-wrap  tatsu-hklmovy6t9dtfwhu  \"  ><div class=\"align-left\"><span class=\"special-subtitle\" >Sous-Titre N2<\/span><\/div><style>.tatsu-hklmovy6t9dtfwhu .special-subtitle{font-size: 27px;color: rgba(52,88,132,1) ;width: 100%;}.tatsu-hklmovy6t9dtfwhu.special-subtitle-wrap{margin-bottom: 30px;}<\/style><\/div><div  class=\"tatsu-module tatsu-text-block-wrap tatsu-hklmovy6tvbeordy  \"><div class=\"tatsu-text-inner tatsu-align-center  clearfix\" ><style>.tatsu-hklmovy6tvbeordy.tatsu-text-block-wrap .tatsu-text-inner{text-align: left;}<\/style>\n<p>Texte<\/p>\n<\/div><\/div><div  class=\"tatsu-module tatsu-divider-wrap  tatsu-hklmovy6v3gc5gdw   \"  ><style>.tatsu-hklmovy6v3gc5gdw .tatsu-divider{height: 50px;width: 100%;background: rgba(239,239,239,0);}.tatsu-hklmovy6v3gc5gdw.tatsu-divider-wrap{text-align: left;}<\/style><hr class=\"tatsu-divider\"\/><\/div><\/div><\/div><div class = \"tatsu-column-bg-image-wrap\"><div class = \"tatsu-column-bg-image\" ><\/div><\/div><\/div><style>.tatsu-row > .tatsu-hklmovy6pzfrd1yc.tatsu-column{width: 80%;}.tatsu-hklmovy6pzfrd1yc.tatsu-column > .tatsu-column-inner > .tatsu-column-pad-wrap > .tatsu-column-pad{padding: 0% 15% 0% 15% ;}.tatsu-hklmovy6pzfrd1yc.tatsu-column > .tatsu-column-inner > .tatsu-column-overlay{mix-blend-mode: none;}.tatsu-hklmovy6pzfrd1yc > .tatsu-column-inner > .tatsu-top-divider{z-index: 9999;}.tatsu-hklmovy6pzfrd1yc > .tatsu-column-inner > .tatsu-bottom-divider{z-index: 9999;}.tatsu-hklmovy6pzfrd1yc > .tatsu-column-inner > .tatsu-left-divider{z-index: 9999;}.tatsu-hklmovy6pzfrd1yc > .tatsu-column-inner > .tatsu-right-divider{z-index: 9999;}@media only screen and (max-width: 767px) {.tatsu-row > .tatsu-hklmovy6pzfrd1yc.tatsu-column{width: 100%;}}<\/style><\/div><div  class=\"tatsu-column  tatsu-column-no-bg tatsu-column-empty tatsu-one-half tatsu-column-align-middle tatsu-column-image-none tatsu-column-effect-none  tatsu-hklmovy6w81w9hii\"  data-parallax-speed=\"0\" style=\"\"><div class=\"tatsu-column-inner \" ><div class=\"tatsu-column-pad-wrap\"><div class=\"tatsu-column-pad\" ><\/div><\/div><div class = \"tatsu-column-bg-image-wrap\"><div class = \"tatsu-column-bg-image\" ><\/div><\/div><\/div><style>.tatsu-row > .tatsu-hklmovy6w81w9hii.tatsu-column{width: 20%;}.tatsu-hklmovy6w81w9hii.tatsu-column > .tatsu-column-inner > .tatsu-column-pad-wrap > .tatsu-column-pad{padding: 35% 35% 35% 35% ;}.tatsu-hklmovy6w81w9hii.tatsu-column > .tatsu-column-inner > .tatsu-column-overlay{mix-blend-mode: none;}.tatsu-hklmovy6w81w9hii > .tatsu-column-inner > .tatsu-top-divider{z-index: 9999;}.tatsu-hklmovy6w81w9hii > .tatsu-column-inner > .tatsu-bottom-divider{z-index: 9999;}.tatsu-hklmovy6w81w9hii > .tatsu-column-inner > .tatsu-left-divider{z-index: 9999;}.tatsu-hklmovy6w81w9hii > .tatsu-column-inner > .tatsu-right-divider{z-index: 9999;}@media only screen and (max-width: 767px) {.tatsu-row > .tatsu-hklmovy6w81w9hii.tatsu-column{width: 100%;}}<\/style><\/div><\/div><\/div><div class=\"tatsu-row-wrap  tatsu-row-full-width tatsu-row-has-one-half tatsu-row-has-two-cols tatsu-zero-margin tatsu-no-gutter tatsu-eq-cols  tatsu-clearfix tatsu-hklmovy6xsclm97p\" ><div  class=\"tatsu-row \" ><div  class=\"tatsu-column  tatsu-column-no-bg tatsu-column-empty tatsu-one-half tatsu-column-align-middle tatsu-column-image-none tatsu-column-effect-none  tatsu-hklmovy70sbd1k37\"  data-parallax-speed=\"0\" style=\"\"><div class=\"tatsu-column-inner \" ><div class=\"tatsu-column-pad-wrap\"><div class=\"tatsu-column-pad\" ><\/div><\/div><div class = \"tatsu-column-bg-image-wrap\"><div class = \"tatsu-column-bg-image\" ><\/div><\/div><\/div><style>.tatsu-row > .tatsu-hklmovy70sbd1k37.tatsu-column{width: 50%;}.tatsu-hklmovy70sbd1k37.tatsu-column > .tatsu-column-inner > .tatsu-column-pad-wrap > .tatsu-column-pad{padding: 35% 35% 35% 35% ;}.tatsu-hklmovy70sbd1k37.tatsu-column > .tatsu-column-inner > .tatsu-column-overlay{mix-blend-mode: none;}.tatsu-hklmovy70sbd1k37 > .tatsu-column-inner > .tatsu-top-divider{z-index: 9999;}.tatsu-hklmovy70sbd1k37 > .tatsu-column-inner > .tatsu-bottom-divider{z-index: 9999;}.tatsu-hklmovy70sbd1k37 > .tatsu-column-inner > .tatsu-left-divider{z-index: 9999;}.tatsu-hklmovy70sbd1k37 > .tatsu-column-inner > .tatsu-right-divider{z-index: 9999;}@media only screen and (max-width: 767px) {.tatsu-row > .tatsu-hklmovy70sbd1k37.tatsu-column{width: 100%;}}<\/style><\/div><div  class=\"tatsu-column  tatsu-column-no-bg tatsu-one-half tatsu-column-align-middle tatsu-column-image-none tatsu-column-effect-none  tatsu-hklmovy72p4wbmmi\"  data-parallax-speed=\"0\" style=\"\"><div class=\"tatsu-column-inner \" ><div class=\"tatsu-column-pad-wrap\"><div class=\"tatsu-column-pad\" ><div  class=\"tatsu-module tatsu-text-block-wrap tatsu-hklmovy7533n8mn1  \"><div class=\"tatsu-text-inner tatsu-align-center  clearfix\" ><style>.tatsu-hklmovy7533n8mn1.tatsu-text-block-wrap .tatsu-text-inner{text-align: left;}<\/style><\/div><\/div><div  class=\"tatsu-module tatsu-divider-wrap  tatsu-hklmovy75he5lskm   \"  ><style>.tatsu-hklmovy75he5lskm .tatsu-divider{height: 1px;width: 100%;background: rgba(239,239,239,0);}.tatsu-hklmovy75he5lskm.tatsu-divider-wrap{text-align: left;}<\/style><hr class=\"tatsu-divider\"\/><\/div><div  class=\"special-subtitle-wrap  tatsu-hklmovy75z28wchz  \"  ><div class=\"align-left\"><span class=\"special-subtitle\" >Sous-Titre N3<\/span><\/div><style>.tatsu-hklmovy75z28wchz .special-subtitle{font-size: 27px;color: rgba(52,88,132,1) ;width: 100%;}.tatsu-hklmovy75z28wchz.special-subtitle-wrap{margin-bottom: 30px;}<\/style><\/div><div  class=\"tatsu-module tatsu-text-block-wrap tatsu-hklmovy76cfo72dd  \"><div class=\"tatsu-text-inner tatsu-align-center  clearfix\" ><style>.tatsu-hklmovy76cfo72dd.tatsu-text-block-wrap .tatsu-text-inner{text-align: left;}<\/style><\/div><\/div><div  class=\"tatsu-module tatsu-divider-wrap  tatsu-hklmovy78a4ax00j   \"  ><style>.tatsu-hklmovy78a4ax00j .tatsu-divider{height: 50px;width: 100%;background: rgba(239,239,239,0);}.tatsu-hklmovy78a4ax00j.tatsu-divider-wrap{text-align: left;}<\/style><hr class=\"tatsu-divider\"\/><\/div><\/div><\/div><div class = \"tatsu-column-bg-image-wrap\"><div class = \"tatsu-column-bg-image\" ><\/div><\/div><\/div><style>.tatsu-row > .tatsu-hklmovy72p4wbmmi.tatsu-column{width: 50%;}.tatsu-hklmovy72p4wbmmi.tatsu-column > .tatsu-column-inner > .tatsu-column-pad-wrap > .tatsu-column-pad{padding: 0% 10% 0% 10% ;}.tatsu-hklmovy72p4wbmmi.tatsu-column > .tatsu-column-inner > .tatsu-column-overlay{mix-blend-mode: none;}.tatsu-hklmovy72p4wbmmi > .tatsu-column-inner > .tatsu-top-divider{z-index: 9999;}.tatsu-hklmovy72p4wbmmi > .tatsu-column-inner > .tatsu-bottom-divider{z-index: 9999;}.tatsu-hklmovy72p4wbmmi > .tatsu-column-inner > .tatsu-left-divider{z-index: 9999;}.tatsu-hklmovy72p4wbmmi > .tatsu-column-inner > .tatsu-right-divider{z-index: 9999;}@media only screen and (max-width: 767px) {.tatsu-row > .tatsu-hklmovy72p4wbmmi.tatsu-column{width: 100%;}}<\/style><\/div><\/div><\/div><div class=\"tatsu-row-wrap  tatsu-row-full-width tatsu-row-has-one-half tatsu-row-has-two-cols tatsu-zero-margin tatsu-no-gutter tatsu-eq-cols  tatsu-clearfix tatsu-hklmovy78v1tw1mv\" ><div  class=\"tatsu-row \" ><div  class=\"tatsu-column  tatsu-column-no-bg tatsu-one-half tatsu-column-align-middle tatsu-column-image-none tatsu-column-effect-none  tatsu-hklmovy7bt3ofqdl\"  data-parallax-speed=\"0\" style=\"\"><div class=\"tatsu-column-inner \" ><div class=\"tatsu-column-pad-wrap\"><div class=\"tatsu-column-pad\" ><div  class=\"tatsu-module tatsu-text-block-wrap tatsu-hklmovy7e71a7sxh  \"><div class=\"tatsu-text-inner tatsu-align-center  clearfix\" ><style>.tatsu-hklmovy7e71a7sxh.tatsu-text-block-wrap .tatsu-text-inner{text-align: left;}<\/style><\/div><\/div><div  class=\"tatsu-module tatsu-divider-wrap  tatsu-hklmovy7el5fz3xx   \"  ><style>.tatsu-hklmovy7el5fz3xx .tatsu-divider{height: 1px;width: 100%;background: rgba(239,239,239,0);}.tatsu-hklmovy7el5fz3xx.tatsu-divider-wrap{text-align: left;}<\/style><hr class=\"tatsu-divider\"\/><\/div><div  class=\"special-subtitle-wrap  tatsu-hklmovy7f2dfeh58  \"  ><div class=\"align-left\"><span class=\"special-subtitle\" >Sous-Titre N4<\/span><\/div><style>.tatsu-hklmovy7f2dfeh58 .special-subtitle{font-size: 27px;color: rgba(52,88,132,1) ;width: 100%;}.tatsu-hklmovy7f2dfeh58.special-subtitle-wrap{margin-bottom: 30px;}<\/style><\/div><div  class=\"tatsu-module tatsu-text-block-wrap tatsu-hklmovy7fg50slwl  \"><div class=\"tatsu-text-inner tatsu-align-center  clearfix\" ><style>.tatsu-hklmovy7fg50slwl.tatsu-text-block-wrap .tatsu-text-inner{text-align: left;}<\/style>\n<p>Text 4<\/p>\n<\/div><\/div><div  class=\"tatsu-module tatsu-divider-wrap  tatsu-hklmovy7gr3q3jd6   \"  ><style>.tatsu-hklmovy7gr3q3jd6 .tatsu-divider{height: 50px;width: 100%;background: rgba(239,239,239,0);}.tatsu-hklmovy7gr3q3jd6.tatsu-divider-wrap{text-align: left;}<\/style><hr class=\"tatsu-divider\"\/><\/div><\/div><\/div><div class = \"tatsu-column-bg-image-wrap\"><div class = \"tatsu-column-bg-image\" ><\/div><\/div><\/div><style>.tatsu-row > .tatsu-hklmovy7bt3ofqdl.tatsu-column{width: 50%;}.tatsu-hklmovy7bt3ofqdl.tatsu-column > .tatsu-column-inner > .tatsu-column-pad-wrap > .tatsu-column-pad{padding: 0% 10% 0% 10% ;}.tatsu-hklmovy7bt3ofqdl.tatsu-column > .tatsu-column-inner > .tatsu-column-overlay{mix-blend-mode: none;}.tatsu-hklmovy7bt3ofqdl > .tatsu-column-inner > .tatsu-top-divider{z-index: 9999;}.tatsu-hklmovy7bt3ofqdl > .tatsu-column-inner > .tatsu-bottom-divider{z-index: 9999;}.tatsu-hklmovy7bt3ofqdl > .tatsu-column-inner > .tatsu-left-divider{z-index: 9999;}.tatsu-hklmovy7bt3ofqdl > .tatsu-column-inner > .tatsu-right-divider{z-index: 9999;}@media only screen and (max-width: 767px) {.tatsu-row > .tatsu-hklmovy7bt3ofqdl.tatsu-column{width: 100%;}}<\/style><\/div><div  class=\"tatsu-column  tatsu-column-no-bg tatsu-column-empty tatsu-one-half tatsu-column-align-middle tatsu-column-image-none tatsu-column-effect-none  tatsu-hklmovy7ht1ngo4v\"  data-parallax-speed=\"0\" style=\"\"><div class=\"tatsu-column-inner \" ><div class=\"tatsu-column-pad-wrap\"><div class=\"tatsu-column-pad\" ><\/div><\/div><div class = \"tatsu-column-bg-image-wrap\"><div class = \"tatsu-column-bg-image\" ><\/div><\/div><\/div><style>.tatsu-row > .tatsu-hklmovy7ht1ngo4v.tatsu-column{width: 50%;}.tatsu-hklmovy7ht1ngo4v.tatsu-column > .tatsu-column-inner > .tatsu-column-pad-wrap > .tatsu-column-pad{padding: 25% 25% 25% 25% ;}.tatsu-hklmovy7ht1ngo4v.tatsu-column > .tatsu-column-inner > .tatsu-column-overlay{mix-blend-mode: none;}.tatsu-hklmovy7ht1ngo4v > .tatsu-column-inner > .tatsu-top-divider{z-index: 9999;}.tatsu-hklmovy7ht1ngo4v > .tatsu-column-inner > .tatsu-bottom-divider{z-index: 9999;}.tatsu-hklmovy7ht1ngo4v > .tatsu-column-inner > .tatsu-left-divider{z-index: 9999;}.tatsu-hklmovy7ht1ngo4v > .tatsu-column-inner > .tatsu-right-divider{z-index: 9999;}@media only screen and (max-width: 767px) {.tatsu-row > .tatsu-hklmovy7ht1ngo4v.tatsu-column{width: 100%;}}<\/style><\/div><\/div><\/div><\/div><div class=\"tatsu-section-background-wrap\"><div class = \"tatsu-section-background\" ><\/div><\/div><style>.tatsu-hklmovy66rczelfr{border-width: 0px 0px px 0px;border-style: solid;}.tatsu-hklmovy66rczelfr .tatsu-section-pad{padding: 0px 0% 0px 0%;}.tatsu-hklmovy66rczelfr > .tatsu-bottom-divider{z-index: 9999;}.tatsu-hklmovy66rczelfr > .tatsu-top-divider{z-index: 9999;}<\/style><\/div>\n","protected":false},"excerpt":{"rendered":"<p><a href=\"https:\/\/solidaritatubaye.fr\/?page_id=4494\" class=\"more-link style3-button\">Read More<\/a><\/p>","protected":false},"author":5,"featured_media":0,"parent":0,"menu_order":0,"comment_status":"open","ping_status":"closed","template":"","meta":[],"_links":{"self":[{"href":"https:\/\/solidaritatubaye.fr\/index.php?rest_route=\/wp\/v2\/pages\/4494"}],"collection":[{"href":"https:\/\/solidaritatubaye.fr\/index.php?rest_route=\/wp\/v2\/pages"}],"about":[{"href":"https:\/\/solidaritatubaye.fr\/index.php?rest_route=\/wp\/v2\/types\/page"}],"author":[{"embeddable":true,"href":"https:\/\/solidaritatubaye.fr\/index.php?rest_route=\/wp\/v2\/users\/5"}],"replies":[{"embeddable":true,"href":"https:\/\/solidaritatubaye.fr\/index.php?rest_route=%2Fwp%2Fv2%2Fcomments&post=4494"}],"version-history":[{"count":15,"href":"https:\/\/solidaritatubaye.fr\/index.php?rest_route=\/wp\/v2\/pages\/4494\/revisions"}],"predecessor-version":[{"id":4520,"href":"https:\/\/solidaritatubaye.fr\/index.php?rest_route=\/wp\/v2\/pages\/4494\/revisions\/4520"}],"wp:attachment":[{"href":"https:\/\/solidaritatubaye.fr\/index.php?rest_route=%2Fwp%2Fv2%2Fmedia&parent=4494"}],"curies":[{"name":"wp","href":"https:\/\/api.w.org\/{rel}","templated":true}]}}