{"id":3011,"date":"2014-11-09T12:25:29","date_gmt":"2014-11-09T12:25:29","guid":{"rendered":"http:\/\/brandexponents.com\/oshin\/?page_id=2836"},"modified":"2017-04-03T12:03:31","modified_gmt":"2017-04-03T10:03:31","slug":"services-2","status":"publish","type":"page","link":"https:\/\/solidaritatubaye.fr\/?page_id=3011","title":{"rendered":"L&rsquo;association"},"content":{"rendered":"<div  class=\"tatsu-icb14nu05f66nosg tatsu-section    tatsu-clearfix\" data-title=\"\"  data-headerscheme=\"background--light\"><div class='tatsu-section-pad clearfix' data-padding='0px 0% 0px 0%' data-padding-top='0px'><div class=\"tatsu-row-wrap  tatsu-row-full-width tatsu-row-has-one-half tatsu-row-has-two-cols tatsu-zero-margin tatsu-no-gutter tatsu-eq-cols  tatsu-clearfix tatsu-icb14nu1bw5xdpn8\" ><div  class=\"tatsu-row \" ><div  class=\"tatsu-column  tatsu-column-empty tatsu-one-half tatsu-column-align-middle tatsu-column-image- tatsu-column-effect-  tatsu-icb14nu1hs5eq3ik\" data-animation=\"flipInX\"   data-parallax-speed=\"0\" style=\"\"><div class=\"tatsu-column-inner \" ><div class=\"tatsu-column-pad-wrap\"><div class=\"tatsu-column-pad\" ><\/div><\/div><div class = \"tatsu-column-bg-image-wrap\"><div class = \"tatsu-column-bg-image\" ><\/div><\/div><\/div><style>.tatsu-icb14nu1hs5eq3ik.tatsu-column > .tatsu-column-inner > .tatsu-column-bg-image-wrap > .tatsu-column-bg-image{background-image: url(http:\/\/solidaritatubaye.fr\/wp-content\/uploads\/2015\/10\/accueil_000.jpg);background-repeat: no-repeat;background-attachment: scroll;background-position: center center;background-size: cover;}.tatsu-icb14nu1hs5eq3ik.tatsu-column > .tatsu-column-inner > .tatsu-bg-blur{background-repeat: no-repeat;background-attachment: scroll;background-position: center center;background-size: cover;}.tatsu-icb14nu1hs5eq3ik.tatsu-column > .tatsu-column-inner > .tatsu-column-pad-wrap > .tatsu-column-pad{padding: 59% 59% 59% 59% ;}.tatsu-icb14nu1hs5eq3ik.tatsu-column > .tatsu-column-inner{border-width: 0 0 0 0;}.tatsu-icb14nu1hs5eq3ik.tatsu-column > .tatsu-column-inner > .tatsu-column-overlay{mix-blend-mode: none;}.tatsu-icb14nu1hs5eq3ik > .tatsu-column-inner > .tatsu-top-divider{z-index: 9999;}.tatsu-icb14nu1hs5eq3ik > .tatsu-column-inner > .tatsu-bottom-divider{z-index: 9999;}.tatsu-icb14nu1hs5eq3ik > .tatsu-column-inner > .tatsu-left-divider{z-index: 9999;}.tatsu-icb14nu1hs5eq3ik > .tatsu-column-inner > .tatsu-right-divider{z-index: 9999;}.tatsu-icb14nu1hs5eq3ik.tatsu-column{transform: translate3d(0px,0px, 0);}<\/style><\/div><div  class=\"tatsu-column  tatsu-column-no-bg tatsu-one-half tatsu-column-align-middle tatsu-column-image- tatsu-column-effect-  tatsu-icb14nu1oacfduqt\" data-animation=\"flipInX\"   data-parallax-speed=\"0\" style=\"\"><div class=\"tatsu-column-inner \" ><div class=\"tatsu-column-pad-wrap\"><div class=\"tatsu-column-pad\" ><div  class=\"tatsu-module tatsu-text-block-wrap tatsu-icb14nu21mfy71fh  \"><div class=\"tatsu-text-inner tatsu-align-center  clearfix\" data-animation=\"fadeIn\"  ><\/div><\/div><div  class=\"tatsu-module tatsu-divider-wrap tatsu-animate tatsu-icb14nu23kf8c1wc   \"  ><style>.tatsu-icb14nu23kf8c1wc .tatsu-divider{height: 1px;width: 100%;background: rgba(0,0,0,0);}<\/style><hr class=\"tatsu-divider\"\/><\/div><div  class=\"special-subtitle-wrap  tatsu-icb14nu25s52g5mj   tatsu-animate \" data-animation=\"fadeIn\"   ><div class=\"align-left\"><span class=\"special-subtitle\" >L'historique de l\u2019asso<\/span><\/div><style>.tatsu-icb14nu25s52g5mj .special-subtitle{font-size: 27px;color: rgba(52,88,132,1) ;width: 100%;}.tatsu-icb14nu25s52g5mj.special-subtitle-wrap{margin-bottom: 30px;}<\/style><\/div><div  class=\"tatsu-module tatsu-text-block-wrap tatsu-icb14nu27j4nftph  \"><div class=\"tatsu-text-inner tatsu-align-center  clearfix\" data-animation=\"fadeIn\"  >\n<p><!--\n\t\t@page { margin: 2cm }\n\t\tP { margin-bottom: 0.21cm }\n\t--><\/p>\n<p>L\u2019association Solidaritat Ubaye a \u00e9t\u00e9 cr\u00e9\u00e9e le 16 septembre 2015 \u00e0 St Paul sur Ubaye, avec pour objectif d&rsquo;accueillir des familles de r\u00e9fugi\u00e9s en Ubaye. En parall\u00e8le, le \u00ab\u00a0Collectif Accueil Partage\u00a0\u00bb voit le jour \u00e0 Barcelonnette en novembre 2015. Les deux associations fusionnent en juin 2016 autour d\u2019un but commun\u00a0: \u0153uvrer dans la solidarit\u00e9 aupr\u00e8s des personnes migrantes.<\/p>\n<p>Pendant une ann\u00e9e, l\u2019association rencontre diff\u00e9rents acteurs politiques et associatifs, afin de pr\u00e9senter le projet de l\u2019association et d\u2019\u00e9tudier les possibilit\u00e9s d\u2019accueil de personnes r\u00e9fugi\u00e9es\u00a0: mairies de la Vall\u00e9e, sous-pr\u00e9fecture, pr\u00e9fecture, associations d\u2019aide aux personnes migrantes (Cimade, France Terre d\u2019Asile), de solidarit\u00e9, autres lieux ayant accueilli des personnes migrantes\u2026<\/p>\n<p>A l\u2019annonce de l\u2019arriv\u00e9e d\u2019une quarantaine de demandeurs d\u2019asile \u00e0 Barcelonnette, l\u2019association organise leur accueil en se mettant en lien avec toutes les associations solidaires de la Vall\u00e9e et Adoma &#8211; l\u2019organisme\u00a0qui prend en charge l\u2019h\u00e9bergement et l\u2019accompagnement administratif des hommes r\u00e9fugi\u00e9s install\u00e9s \u00e0 Barcelonnette &#8211; afin de cr\u00e9er un r\u00e9seau efficace de partenaires locaux. Les rencontres sont nombreuses pour d\u00e9finir les besoins des personnes accueillies, ceux de l\u2019association, et s\u2019organiser au mieux.<\/p>\n<\/div><\/div><div  class=\"tatsu-module tatsu-divider-wrap tatsu-animate tatsu-icb14nu28x9qs02z   \"  ><style>.tatsu-icb14nu28x9qs02z .tatsu-divider{height: 50px;width: 100%;background: rgba(0,0,0,0);}<\/style><hr class=\"tatsu-divider\"\/><\/div><\/div><\/div><div class = \"tatsu-column-bg-image-wrap\"><div class = \"tatsu-column-bg-image\" ><\/div><\/div><\/div><style>.tatsu-icb14nu1oacfduqt.tatsu-column > .tatsu-column-inner > .tatsu-column-pad-wrap > .tatsu-column-pad{padding: 0% 10% 0% 10% ;}.tatsu-icb14nu1oacfduqt.tatsu-column > .tatsu-column-inner{border-width: 0 0 0 0;}.tatsu-icb14nu1oacfduqt.tatsu-column > .tatsu-column-inner > .tatsu-column-overlay{mix-blend-mode: none;}.tatsu-icb14nu1oacfduqt > .tatsu-column-inner > .tatsu-top-divider{z-index: 9999;}.tatsu-icb14nu1oacfduqt > .tatsu-column-inner > .tatsu-bottom-divider{z-index: 9999;}.tatsu-icb14nu1oacfduqt > .tatsu-column-inner > .tatsu-left-divider{z-index: 9999;}.tatsu-icb14nu1oacfduqt > .tatsu-column-inner > .tatsu-right-divider{z-index: 9999;}.tatsu-icb14nu1oacfduqt.tatsu-column{transform: translate3d(0px,0px, 0);}<\/style><\/div><\/div><\/div><div class=\"tatsu-row-wrap  tatsu-row-full-width tatsu-row-has-one-half tatsu-row-has-two-cols tatsu-zero-margin tatsu-no-gutter tatsu-eq-cols  tatsu-clearfix tatsu-icb14nu2b55s9z1j\" ><div  class=\"tatsu-row \" ><div  class=\"tatsu-column  tatsu-column-no-bg tatsu-one-half tatsu-column-align-middle tatsu-column-image- tatsu-column-effect-  tatsu-icb14nu2fx3ojlmj\" data-animation=\"flipInX\"   data-parallax-speed=\"0\" style=\"\"><div class=\"tatsu-column-inner \" ><div class=\"tatsu-column-pad-wrap\"><div class=\"tatsu-column-pad\" ><div  class=\"tatsu-module tatsu-divider-wrap tatsu-animate tatsu-icb14nu2n19gd59d   \"  ><style>.tatsu-icb14nu2n19gd59d .tatsu-divider{height: 50px;width: 100%;background: rgba(239,239,239,0);}<\/style><hr class=\"tatsu-divider\"\/><\/div><div  class=\"tatsu-module tatsu-divider-wrap tatsu-animate tatsu-icb14nu2os8t7gl0   \"  ><style>.tatsu-icb14nu2os8t7gl0 .tatsu-divider{height: 50px;width: 100%;background: rgba(239,239,239,0);}<\/style><hr class=\"tatsu-divider\"\/><\/div><div  class=\"special-subtitle-wrap  tatsu-icb14nu2qldfo0x1   tatsu-animate \" data-animation=\"fadeIn\"   ><div class=\"align-left\"><span class=\"special-subtitle\" >Aujourd\u2019hui, l\u2019association compte plus de 100 adh\u00e9rents et b\u00e9n\u00e9voles dans toute la Vall\u00e9e.<\/span><\/div><style>.tatsu-icb14nu2qldfo0x1 .special-subtitle{font-size: 27px;color: rgba(52,88,132,1) ;width: 100%;}.tatsu-icb14nu2qldfo0x1.special-subtitle-wrap{margin-bottom: 30px;}<\/style><\/div><div  class=\"tatsu-module tatsu-divider-wrap tatsu-animate tatsu-icb14nu2s5cgahvl   \"  ><style>.tatsu-icb14nu2s5cgahvl .tatsu-divider{height: 50px;width: 100%;background: rgba(239,239,239,0);}<\/style><hr class=\"tatsu-divider\"\/><\/div><div  class=\"tatsu-module tatsu-divider-wrap tatsu-animate tatsu-icb14nu2t8o1yop   \"  ><style>.tatsu-icb14nu2t8o1yop .tatsu-divider{height: 50px;width: 100%;background: rgba(239,239,239,0);}<\/style><hr class=\"tatsu-divider\"\/><\/div><\/div><\/div><div class = \"tatsu-column-bg-image-wrap\"><div class = \"tatsu-column-bg-image\" ><\/div><\/div><\/div><style>.tatsu-icb14nu2fx3ojlmj.tatsu-column > .tatsu-column-inner > .tatsu-column-pad-wrap > .tatsu-column-pad{padding: 0% 28% 0% 28% ;}.tatsu-icb14nu2fx3ojlmj.tatsu-column > .tatsu-column-inner{border-width: 0 0 0 0;}.tatsu-icb14nu2fx3ojlmj.tatsu-column > .tatsu-column-inner > .tatsu-column-overlay{mix-blend-mode: none;}.tatsu-icb14nu2fx3ojlmj > .tatsu-column-inner > .tatsu-top-divider{z-index: 9999;}.tatsu-icb14nu2fx3ojlmj > .tatsu-column-inner > .tatsu-bottom-divider{z-index: 9999;}.tatsu-icb14nu2fx3ojlmj > .tatsu-column-inner > .tatsu-left-divider{z-index: 9999;}.tatsu-icb14nu2fx3ojlmj > .tatsu-column-inner > .tatsu-right-divider{z-index: 9999;}.tatsu-icb14nu2fx3ojlmj.tatsu-column{transform: translate3d(0px,0px, 0);}<\/style><\/div><div  class=\"tatsu-column  tatsu-column-empty tatsu-one-half tatsu-column-align-middle tatsu-column-image- tatsu-column-effect-  tatsu-icb14nu2vdard7ps\" data-animation=\"flipInX\"   data-parallax-speed=\"0\" style=\"\"><div class=\"tatsu-column-inner \" ><div class=\"tatsu-column-pad-wrap\"><div class=\"tatsu-column-pad\" ><\/div><\/div><div class = \"tatsu-column-bg-image-wrap\"><div class = \"tatsu-column-bg-image\" ><\/div><\/div><\/div><style>.tatsu-icb14nu2vdard7ps.tatsu-column > .tatsu-column-inner > .tatsu-column-bg-image-wrap > .tatsu-column-bg-image{background-image: url(http:\/\/solidaritatubaye.fr\/wp-content\/uploads\/2014\/11\/asso_02.jpg);background-repeat: no-repeat;background-attachment: scroll;background-position: center center;background-size: cover;}.tatsu-icb14nu2vdard7ps.tatsu-column > .tatsu-column-inner > .tatsu-bg-blur{background-repeat: no-repeat;background-attachment: scroll;background-position: center center;background-size: cover;}.tatsu-icb14nu2vdard7ps.tatsu-column > .tatsu-column-inner > .tatsu-column-pad-wrap > .tatsu-column-pad{padding: 37% 37% 37% 37% ;}.tatsu-icb14nu2vdard7ps.tatsu-column > .tatsu-column-inner{border-width: 0 0 0 0;}.tatsu-icb14nu2vdard7ps.tatsu-column > .tatsu-column-inner > .tatsu-column-overlay{mix-blend-mode: none;}.tatsu-icb14nu2vdard7ps > .tatsu-column-inner > .tatsu-top-divider{z-index: 9999;}.tatsu-icb14nu2vdard7ps > .tatsu-column-inner > .tatsu-bottom-divider{z-index: 9999;}.tatsu-icb14nu2vdard7ps > .tatsu-column-inner > .tatsu-left-divider{z-index: 9999;}.tatsu-icb14nu2vdard7ps > .tatsu-column-inner > .tatsu-right-divider{z-index: 9999;}.tatsu-icb14nu2vdard7ps.tatsu-column{transform: translate3d(0px,0px, 0);}<\/style><\/div><\/div><\/div><div class=\"tatsu-row-wrap  tatsu-row-full-width tatsu-row-has-one-half tatsu-row-has-two-cols tatsu-zero-margin tatsu-no-gutter tatsu-eq-cols  tatsu-clearfix tatsu-icb14nu30941f8ud\" ><div  class=\"tatsu-row \" ><div  class=\"tatsu-column  tatsu-column-empty tatsu-one-half tatsu-column-align-middle tatsu-column-image- tatsu-column-effect-  tatsu-icb14nu33k3s0z0s\" data-animation=\"flipInX\"   data-parallax-speed=\"0\" style=\"\"><div class=\"tatsu-column-inner \" ><div class=\"tatsu-column-pad-wrap\"><div class=\"tatsu-column-pad\" ><\/div><\/div><div class = \"tatsu-column-bg-image-wrap\"><div class = \"tatsu-column-bg-image\" ><\/div><\/div><\/div><style>.tatsu-icb14nu33k3s0z0s.tatsu-column > .tatsu-column-inner > .tatsu-column-bg-image-wrap > .tatsu-column-bg-image{background-image: url(http:\/\/solidaritatubaye.fr\/wp-content\/uploads\/2014\/11\/asso_03.jpg);background-repeat: no-repeat;background-attachment: scroll;background-position: center center;background-size: cover;}.tatsu-icb14nu33k3s0z0s.tatsu-column > .tatsu-column-inner > .tatsu-bg-blur{background-repeat: no-repeat;background-attachment: scroll;background-position: center center;background-size: cover;}.tatsu-icb14nu33k3s0z0s.tatsu-column > .tatsu-column-inner > .tatsu-column-pad-wrap > .tatsu-column-pad{padding: 37% 37% 37% 37% ;}.tatsu-icb14nu33k3s0z0s.tatsu-column > .tatsu-column-inner{border-width: 0 0 0 0;}.tatsu-icb14nu33k3s0z0s.tatsu-column > .tatsu-column-inner > .tatsu-column-overlay{mix-blend-mode: none;}.tatsu-icb14nu33k3s0z0s > .tatsu-column-inner > .tatsu-top-divider{z-index: 9999;}.tatsu-icb14nu33k3s0z0s > .tatsu-column-inner > .tatsu-bottom-divider{z-index: 9999;}.tatsu-icb14nu33k3s0z0s > .tatsu-column-inner > .tatsu-left-divider{z-index: 9999;}.tatsu-icb14nu33k3s0z0s > .tatsu-column-inner > .tatsu-right-divider{z-index: 9999;}.tatsu-icb14nu33k3s0z0s.tatsu-column{transform: translate3d(0px,0px, 0);}<\/style><\/div><div  class=\"tatsu-column  tatsu-column-no-bg tatsu-one-half tatsu-column-align-middle tatsu-column-image- tatsu-column-effect-  tatsu-icb14nu3822z18z7\" data-animation=\"flipInX\"   data-parallax-speed=\"0\" style=\"\"><div class=\"tatsu-column-inner \" ><div class=\"tatsu-column-pad-wrap\"><div class=\"tatsu-column-pad\" ><div  class=\"tatsu-module tatsu-text-block-wrap tatsu-icb14nu3d9955xvw  \"><div class=\"tatsu-text-inner tatsu-align-center  clearfix\" data-animation=\"fadeIn\"  ><\/div><\/div><div  class=\"tatsu-module tatsu-divider-wrap tatsu-animate tatsu-icb14nu3eiecw16h   \"  ><style>.tatsu-icb14nu3eiecw16h .tatsu-divider{height: 1px;width: 100%;background: rgba(239,239,239,0);}<\/style><hr class=\"tatsu-divider\"\/><\/div><div  class=\"special-subtitle-wrap  tatsu-icb14nu3fz4w4uwt   tatsu-animate \" data-animation=\"fadeIn\"   ><div class=\"align-left\"><span class=\"special-subtitle\" >Les objectifs de Solidaritat Ubaye<\/span><\/div><style>.tatsu-icb14nu3fz4w4uwt .special-subtitle{font-size: 27px;color: rgba(52,88,132,1) ;width: 100%;}.tatsu-icb14nu3fz4w4uwt.special-subtitle-wrap{margin-bottom: 30px;}<\/style><\/div><div  class=\"tatsu-module tatsu-text-block-wrap tatsu-icb14nu3hl5oezcv  \"><div class=\"tatsu-text-inner tatsu-align-center  clearfix\" data-animation=\"fadeIn\"  >\n<p>L\u2019association \u00ab\u00a0Solidaritat Ubaye\u00a0\u00bb a pour but le soutien de plusieurs actions de solidarit\u00e9, notamment\u00a0:<\/p>\n<p>&#8211; L\u2019organisation de l\u2019accueil de familles ou personnes isol\u00e9es r\u00e9fugi\u00e9es ainsi que l\u2019aide mat\u00e9rielle \u00e0 leur apporter sur les communes de la vall\u00e9e de l\u2019Ubaye<\/p>\n<p>&#8211; L\u2019accompagnement durant cet accueil en vue de leur permettre d\u2019acc\u00e9der \u00e0 une autonomie mat\u00e9rielle, financi\u00e8re, culturelle et linguistique \u00e0 laquelle elles peuvent pr\u00e9tendre<\/p>\n<p>&#8211; L\u2019accession \u00e0 toute l\u2019information juridique et administrative li\u00e9e \u00e0 leur situation sur le territoire<\/p>\n<\/div><\/div><div  class=\"tatsu-module tatsu-divider-wrap tatsu-animate tatsu-icb14nu3ij2sj9qj   \"  ><style>.tatsu-icb14nu3ij2sj9qj .tatsu-divider{height: 50px;width: 100%;background: rgba(239,239,239,0);}<\/style><hr class=\"tatsu-divider\"\/><\/div><\/div><\/div><div class = \"tatsu-column-bg-image-wrap\"><div class = \"tatsu-column-bg-image\" ><\/div><\/div><\/div><style>.tatsu-icb14nu3822z18z7.tatsu-column > .tatsu-column-inner > .tatsu-column-pad-wrap > .tatsu-column-pad{padding: 0% 10% 0% 10% ;}.tatsu-icb14nu3822z18z7.tatsu-column > .tatsu-column-inner{border-width: 0 0 0 0;}.tatsu-icb14nu3822z18z7.tatsu-column > .tatsu-column-inner > .tatsu-column-overlay{mix-blend-mode: none;}.tatsu-icb14nu3822z18z7 > .tatsu-column-inner > .tatsu-top-divider{z-index: 9999;}.tatsu-icb14nu3822z18z7 > .tatsu-column-inner > .tatsu-bottom-divider{z-index: 9999;}.tatsu-icb14nu3822z18z7 > .tatsu-column-inner > .tatsu-left-divider{z-index: 9999;}.tatsu-icb14nu3822z18z7 > .tatsu-column-inner > .tatsu-right-divider{z-index: 9999;}.tatsu-icb14nu3822z18z7.tatsu-column{transform: translate3d(0px,0px, 0);}<\/style><\/div><\/div><\/div><\/div><div class=\"tatsu-section-background-wrap\"><div class = \"tatsu-section-background\" ><\/div><\/div><style>.tatsu-icb14nu05f66nosg{border-width: 0px 0px px 0px;border-style: solid;}.tatsu-icb14nu05f66nosg .tatsu-section-pad{padding: 0px 0% 0px 0%;}.tatsu-icb14nu05f66nosg.tatsu-section{margin: 0px 0px 0px 0px;}.tatsu-icb14nu05f66nosg > .tatsu-bottom-divider{z-index: 9999;}.tatsu-icb14nu05f66nosg > .tatsu-top-divider{z-index: 9999;}@media only screen and (max-width:1377px) {.tatsu-icb14nu05f66nosg{border-style: solid;}}@media only screen and (min-width:768px) and (max-width: 1024px) {.tatsu-icb14nu05f66nosg{border-style: solid;}}@media only screen and (max-width: 767px) {.tatsu-icb14nu05f66nosg{border-style: solid;}}<\/style><\/div>\n","protected":false},"excerpt":{"rendered":"<p><a href=\"https:\/\/solidaritatubaye.fr\/?page_id=3011\" class=\"more-link style3-button\">Read More<\/a><\/p>","protected":false},"author":1,"featured_media":0,"parent":0,"menu_order":0,"comment_status":"open","ping_status":"closed","template":"","meta":[],"_links":{"self":[{"href":"https:\/\/solidaritatubaye.fr\/index.php?rest_route=\/wp\/v2\/pages\/3011"}],"collection":[{"href":"https:\/\/solidaritatubaye.fr\/index.php?rest_route=\/wp\/v2\/pages"}],"about":[{"href":"https:\/\/solidaritatubaye.fr\/index.php?rest_route=\/wp\/v2\/types\/page"}],"author":[{"embeddable":true,"href":"https:\/\/solidaritatubaye.fr\/index.php?rest_route=\/wp\/v2\/users\/1"}],"replies":[{"embeddable":true,"href":"https:\/\/solidaritatubaye.fr\/index.php?rest_route=%2Fwp%2Fv2%2Fcomments&post=3011"}],"version-history":[{"count":11,"href":"https:\/\/solidaritatubaye.fr\/index.php?rest_route=\/wp\/v2\/pages\/3011\/revisions"}],"predecessor-version":[{"id":3714,"href":"https:\/\/solidaritatubaye.fr\/index.php?rest_route=\/wp\/v2\/pages\/3011\/revisions\/3714"}],"wp:attachment":[{"href":"https:\/\/solidaritatubaye.fr\/index.php?rest_route=%2Fwp%2Fv2%2Fmedia&parent=3011"}],"curies":[{"name":"wp","href":"https:\/\/api.w.org\/{rel}","templated":true}]}}